
Let d be (-30)/((28/120)/(-7)). Suppose -7*r + 2*r + d = 0. Suppose x + x = -g + 46, 4*g + 4*x = r. List the prime factors of g.
2, 11
Suppose -2*w - 32*h = -37*h - 13621, 4*w - 27307 = -3*h. What are the prime factors of w?
6823
Suppose -l - 12 + 0 = 0. Let w be 152 + 1*l/(-4). Let g = w + -86. What are the prime factors of g?
3, 23
Let c(n) = n**2 - 9*n + 16. Let f be c(7). Let p(a) = 8*a + 24*a**f - 23*a**2 - 19*a + 33. List the prime factors of p(8).
3
Let r(y) be the second derivative of -5*y**3/6 + 33*y**2/2 - 7*y + 3. What are the prime factors of r(-20)?
7, 19
Suppose 0 = 399*q + 49*q - 29321152. What are the prime factors of q?
65449
Suppose -5*f = -2*b - 4976 - 1613, b = 2*f - 3293. Let u = -1864 - b. List the prime factors of u.
1423
Suppose u - 3*i - 2 = 0, 4*u - 3*i - 17 = -0*u. Suppose -4*w + u*o = -1778, w - 515 + 79 = -3*o. List the prime factors of w.
2, 13, 17
Let s(y) = 2*y**3 + 20*y**2 + 26*y - 113. List the prime factors of s(11).
5, 1051
Suppose -u + 2*d + 21754 = 0, -2*d + 3*d + 21757 = u. List the prime factors of u.
2, 5, 17
Suppose 0 = -59475*j + 59490*j - 88590. What are the prime factors of j?
2, 2953
Let q be (-8)/6*36/24. What are the prime factors of (106/q)/(50/(-100))?
2, 53
Suppose -4*d = 2*u - 1870, 19*d - 4*u + 938 = 21*d. What are the prime factors of d?
467
Let s = -12960 - -20126. List the prime factors of s.
2, 3583
Suppose 18*g + 19285 = 2221. Let a = g - -2063. List the prime factors of a.
5, 223
Let n(d) be the first derivative of -1/4*d**4 - d**3 + 13/2*d**2 - 32 - 17*d. What are the prime factors of n(-7)?
2, 11
Let o(j) = 58*j**2 + 64*j + 1634. List the prime factors of o(-21).
2, 29, 223
Let l be (12/10)/(8/20). Let x(o) be the third derivative of 3*o**4/2 + 7*o**3/6 - 99*o**2. What are the prime factors of x(l)?
5, 23
Suppose 4*a - 40 - 14 = 5*h, -5*h + a = 51. Let o = h - -14. Suppose -o*b + 236 = -32. What are the prime factors of b?
67
Let y(h) = h**3 - 20*h**2 + 25*h + 9. Let v(p) = 1. Let m(c) = v(c) + y(c). Let k be m(19). List the prime factors of (-5 - 1)*k/(-8).
3, 31
Let i = 39 - 39. Suppose i = 8*z - 43 + 11. Suppose 0 = -5*x + z*x + 124. What are the prime factors of x?
2, 31
Let o = -71 - -74. Suppose 3*m + 962 = 5*w + 2*m, 3*w - 588 = -o*m. What are the prime factors of w?
193
Let l = 552 + -349. Let c = 141 + l. List the prime factors of c/10 + (-6)/15.
2, 17
Let h(l) be the first derivative of 38*l**3/3 + 3*l**2/2 - 17*l + 14. List the prime factors of h(4).
3, 67
Let f = 1566 + 1078. What are the prime factors of f?
2, 661
Let v(l) = -l**2 - 10*l + 13. Let i be v(-11). Suppose 62 = m + 4*r, -r + 124 = i*m - 0*r. List the prime factors of m.
2, 31
Let f = -34346 - -61384. List the prime factors of f.
2, 11, 1229
Let i = 9563 + -614. List the prime factors of i.
3, 19, 157
Let a(v) = 164*v**2 + 8*v + 74. Let x be a(-11). Suppose 8*p = -2*p + x. What are the prime factors of p?
3, 661
Let c(i) be the first derivative of 7*i + 1/2*i**2 + 1/3*i**3 + 24. What are the prime factors of c(9)?
97
Let l = 6163 - -10259. What are the prime factors of l?
2, 3, 7, 17, 23
Suppose 0 = -4*z - 3 + 15. Let o be 3 + (92 - (z - -1)). Let v = -40 + o. What are the prime factors of v?
3, 17
Suppose 17192 = -20*c + 22*c + 5*k, 3*k = 0. What are the prime factors of c?
2, 7, 307
Let m be (1 - -3) + 3/9*3. Suppose -2*t + 77 = -m*y - 40, t - 2*y - 57 = 0. Suppose t = 3*z + 2*h + 3*h, 33 = 2*z + 3*h. List the prime factors of z.
2, 3
Let p = 13 + -1. Suppose 22*b - p = 18*b. Suppose b*v = 214 - 64. List the prime factors of v.
2, 5
Let z(g) = -9*g**2 - 2*g**3 + 3 - 2 - 4 + 3*g**3. Let m be z(9). List the prime factors of 36/m*4/(-6).
2
Let k(l) = 35*l + 55. Let v(y) = -2*y - 3. Let a(i) = -6*k(i) - 110*v(i). What are the prime factors of a(1)?
2, 5
Let t(m) = 6*m**2 - 1. Let c be t(-1). Let s be -7 + 8 - ((1 - -1) + -5). Suppose -100 = -c*z + 2*p, -p - 92 = -s*z + 3*p. What are the prime factors of z?
2, 3
Suppose f = -5*y - 10, 0 = 10*f - 5*f - 4*y + 21. List the prime factors of 63/((-20)/22 + (-4 - f)).
3, 7, 11
Let t(i) = 110*i**2 - 2*i + 5. Let h(x) = -3*x + 2. Let a be h(0). What are the prime factors of t(a)?
3, 7
Let f be 5 - (4 - 4/4) - 132. List the prime factors of (f/(-15))/((-5)/(-285)).
2, 13, 19
Suppose -5*o + 358848 = 187*o. What are the prime factors of o?
3, 7, 89
Suppose -12*q - 2286 = -6*q. Let o = -349 - q. What are the prime factors of o?
2
Let t(q) = 154*q**2 + 55*q + 1. What are the prime factors of t(-14)?
3, 5, 37, 53
Let a(j) = -4*j + 29*j**2 - 25*j - 40 + 75 + j**3. What are the prime factors of a(-28)?
7, 233
Let s(x) = 31*x + 39. Suppose 3 = 14*f - 13*f. What are the prime factors of s(f)?
2, 3, 11
Let b(g) = g**3 + 10*g**2 + 6*g - 15. Let m be b(-4). Suppose -y + m + 9 = 4*c, 3*y - 3*c = 243. What are the prime factors of y?
2, 3, 13
Suppose 0 = 3*y + 2*h - 76, -12*h + 9*h - 81 = -3*y. Suppose -2*n + 336 = -y. List the prime factors of n.
181
Let o = 115982 - 61089. List the prime factors of o.
17, 3229
Suppose -58*o + 53*o + 135 = 0. Let m(t) = -21*t + 0*t**3 - 5 - t**3 - 6 + 28*t**2. List the prime factors of m(o).
151
Suppose 4*v + 5*w - 32 = 0, 8*w = 6*w + 8. Suppose -3*o + p = -v*p - 2164, 4*o = -2*p + 2856. List the prime factors of o.
2, 179
Let j = 1296 - 583. Let s(w) = 7*w**2 - 7*w + 1. Let g be s(9). Let i = j - g. List the prime factors of i.
2, 13
Let i(n) = 8*n + 46. Let u be i(-11). List the prime factors of (826/u)/((-1)/3).
59
List the prime factors of (-14)/175 + -3*(-1398808)/300.
2, 13, 269
Suppose -3 = -2*a + a. What are the prime factors of a - (-15 + 1 + 4)?
13
Let b be (-5 - -9) + -4 + -3. Let k(d) = -104*d + 60. What are the prime factors of k(b)?
2, 3, 31
Suppose b - 4*j - 28628 = 0, 0 = -2*b + 5*j + 42767 + 14498. List the prime factors of b.
2, 5, 179
Suppose -28 = -4*h, 0 = -a - 0*a - 3*h + 20941. List the prime factors of a.
2, 5, 523
Suppose -3*z + 17987 = 2846. Suppose -8*b - z + 13119 = 0. List the prime factors of b.
1009
Let v = -117 - 5. Let i = v - -276. List the prime factors of i.
2, 7, 11
Let y(d) = -185*d**3 - 17*d - 25. What are the prime factors of y(-5)?
5, 4637
Suppose s = -4*c - 10, -s + 44 = 3*c + 50. Let t = -11 + 8. List the prime factors of (c - t)*(-93 + -2).
5, 19
Suppose 180*n - 182*n + 26 = 0. Suppose 1308 = n*o - 7*o. What are the prime factors of o?
2, 109
Suppose 0 = -5*c - l + 30, -3*c + 5*l - 10 = -0*c. Suppose -c*a = a - 8*a. Let o(j) = j**3 + 126. List the prime factors of o(a).
2, 3, 7
Let a(s) = 109*s - 950. List the prime factors of a(29).
3, 11, 67
Suppose 2*u = 13*u - 66297. What are the prime factors of u?
3, 7, 41
Suppose 10625 = 13*o + 4*o. Let h = o - 324. What are the prime factors of h?
7, 43
Let x(i) = i**2 - 11*i + 38. Let a = -151 - -159. List the prime factors of x(a).
2, 7
Let m be 7 + 0/((-2)/(-1)). Suppose 5*q + 112 = m*q. Let r = q - -71. What are the prime factors of r?
127
Let s = 5985 - 2237. What are the prime factors of s?
2, 937
Suppose 0*y + 1 = -4*v + 5*y, 4*v + 2*y + 22 = 0. Let b be (-2)/v*-3*(-5 - -3). Suppose -3*i = 3*j - 345, -4*i = -0*i + b*j - 465. List the prime factors of i.
2, 3, 5
Let i = -93667 + 159052. List the prime factors of i.
3, 5, 1453
Let t(x) = x**2 + 3*x - 4. Let n be t(-5). Let k be (2 + -5)/(3/n). What are the prime factors of 12/(-18) - 61*4/k?
2, 5
Suppose -3*u + 4380 = -2*k, 3*k + 1045 = 2*u - 1880. Suppose 0*v + 2186 = 3*v + p, -u = -2*v - p. List the prime factors of v.
2, 7, 13
What are the prime factors of (-224113)/(-4) - 2/8 - (41 + -43)?
2, 5, 13, 431
Let n = 75 + -110. Let r = n - -156. What are the prime factors of r?
11
Let b = 26195 - 18457. What are the prime factors of b?
2, 53, 73
Suppose -4*z = v + 8, -z + 23 = -4*z - 5*v. Let k be 3*z - (-11 + 18). List the prime factors of (-644)/k - 8/20.
2
Let t = 18347 - 3227. What are the prime factors of t?
2, 3, 5, 7
Suppose -30 = -8*u + 258. Suppose -930 = 21*g - u*g. What are the prime factors of g?
2, 31
List the prime factors of (9/24 + (-85071)/(-8))*(-64)/(-24).
2, 11, 1289
Let w(l) = 5*l**3 - 2*l**2 - 63*l - 586. List the prime factors of w(16).
2, 9187
Suppose -4*i - a = -51904, 3*i + 4853 = -a + 43781. List the prime factors of i.
2, 811
Let o = -24 + 9. List the prime factors of 498 - (1 - o